
5
What is the hundred thousands digit of 95994620?
9
What is the ten millions digit of 790022298?
9
What is the thousands digit of 1815597739?
7
What is the hundred thousands digit of 161531945?
5
What is the ten thousands digit of 110813787?
1
What is the hundreds digit of 137092496?
4
What is the thousands digit of 662789?
2
What is the hundred millions digit of 302136736?
3
What is the units digit of 1735492794?
4
What is the hundred thousands digit of 377129228?
1
What is the millions digit of 49214321?
9
What is the hundreds digit of 80974231?
2
What is the thousands digit of 499896327?
6
What is the ten thousands digit of 2429466053?
6
What is the millions digit of 215654925?
5
What is the hundreds digit of 147724260?
2
What is the thousands digit of 309714562?
4
What is the units digit of 37378671?
1
What is the tens digit of 894082622?
2
What is the tens digit of 2316728916?
1
What is the hundreds digit of 102565016?
0
What is the tens digit of 48515356?
5
What is the hundred millions digit of 466314246?
4
What is the tens digit of 29268130?
3
What is the ten thousands digit of 2222148530?
4
What is the millions digit of 42863693?
2
What is the hundred thousands digit of 679301352?
3
What is the ten millions digit of 60940171?
6
What is the hundred millions digit of 1230550496?
2
What is the units digit of 219646634?
4
What is the ten thousands digit of 118829217?
2
What is the hundred thousands digit of 19895531?
8
What is the ten thousands digit of 65344165?
4
What is the ten thousands digit of 1957240547?
4
What is the ten thousands digit of 1814339582?
3
What is the hundred thousands digit of 2008036660?
0
What is the thousands digit of 379745182?
5
What is the hundreds digit of 6483300866?
8
What is the thousands digit of 3229458?
9
What is the ten millions digit of 21814567?
2
What is the millions digit of 1834592451?
4
What is the ten thousands digit of 3231553?
3
What is the millions digit of 2184306?
2
What is the ten thousands digit of 452488540?
8
What is the hundred thousands digit of 934996580?
9
What is the millions digit of 108449994?
8
What is the ten thousands digit of 122202284?
0
What is the hundred thousands digit of 21203744?
2
What is the hundred thousands digit of 7267214?
2
What is the tens digit of 16170261?
6
What is the hundred thousands digit of 2686733478?
7
What is the hundreds digit of 16090023?
0
What is the tens digit of 12547580?
8
What is the ten millions digit of 168988176?
6
What is the ten millions digit of 19284036?
1
What is the hundreds digit of 102089748?
7
What is the thousands digit of 32441003?
1
What is the ten thousands digit of 180175091?
7
What is the hundred thousands digit of 83918460?
9
What is the ten millions digit of 1056071793?
5
What is the ten millions digit of 1098539025?
9
What is the tens digit of 895841749?
4
What is the tens digit of 695080228?
2
What is the ten millions digit of 103322680?
0
What is the thousands digit of 139579440?
9
What is the tens digit of 6852287?
8
What is the thousands digit of 22409847?
9
What is the thousands digit of 34186556?
6
What is the tens digit of 1825794420?
2
What is the hundred millions digit of 428621084?
4
What is the ten thousands digit of 143959401?
5
What is the tens digit of 3009994889?
8
What is the hundreds digit of 408885762?
7
What is the hundred thousands digit of 887443178?
4
What is the thousands digit of 1915735?
5
What is the ten thousands digit of 610468493?
6
What is the millions digit of 229447466?
9
What is the tens digit of 4330456555?
5
What is the ten millions digit of 315098054?
1
What is the hundreds digit of 2763621077?
0
What is the millions digit of 502460461?
2
What is the hundred millions digit of 923604508?
9
What is the thousands digit of 140480961?
0
What is the hundreds digit of 1173902?
9
What is the thousands digit of 651705136?
5
What is the ten thousands digit of 322421661?
2
What is the thousands digit of 36012158?
2
What is the billions digit of 7552362745?
7
What is the hundred thousands digit of 164837001?
8
What is the thousands digit of 1831538638?
8
What is the ten thousands digit of 796574060?
7
What is the tens digit of 163429564?
6
What is the tens digit of 50489701?
0
What is the millions digit of 25903337?
5
What is the ten thousands digit of 71744707?
4
What is the hundred thousands digit of 7777547704?
5
What is the units digit of 61161127?
7
What is the hundred thousands digit of 232207447?
2
What is the ten millions digit of 79990868?
7
What is the thousands digit of 274238183?
8
What is the units digit of 2472842176?
6
What is the thousands digit of 2162908159?
8
What is the units digit of 437080685?
5
What is the hundred millions digit of 102298009?
1
What is the thousands digit of 362949162?
9
What is the hundred thousands digit of 148949966?
9
What is the billions digit of 3737283302?
3
What is the millions digit of 15722334?
5
What is the units digit of 337013464?
4
What is the hundred thousands digit of 367340284?
3
What is the hundreds digit of 113709644?
6
What is the units digit of 2930468347?
7
What is the hundred thousands digit of 2488930521?
9
What is the ten millions digit of 735862573?
3
What is the hundred thousands digit of 17895226?
8
What is the units digit of 44677522?
2
What is the millions digit of 572340863?
2
What is the hundred thousands digit of 81778701?
7
What is the hundreds digit of 66258656?
6
What is the millions digit of 716813308?
6
What is the billions digit of 1401098352?
1
What is the millions digit of 89962072?
9
What is the ten millions digit of 525269809?
2
What is the hundreds digit of 5473881798?
7
What is the tens digit of 365383137?
3
What is the ten thousands digit of 356374486?
7
What is the units digit of 90357673?
3
What is the hundred millions digit of 351699508?
3
What is the ten millions digit of 86709101?
8
What is the tens digit of 102172483?
8
What is the millions digit of 91550448?
1
What is the ten millions digit of 197948063?
9
What is the millions digit of 10129983?
0
What is the ten thousands digit of 474818428?
1
What is the millions digit of 111379710?
1
What is the thousands digit of 39215730?
5
What is the millions digit of 2605634289?
5
What is the hundred thousands digit of 3891669?
8
What is the thousands digit of 81247070?
7
What is the millions digit of 120135258?
0
What is the millions digit of 11938320?
1
What is the millions digit of 3664963458?
4
What is the thousands digit of 394520669?
0
What is the hundreds digit of 300727801?
8
What is the ten thousands digit of 109134747?
3
What is the tens digit of 2047387380?
8
What is the hundred thousands digit of 1694501690?
5
What is the tens digit of 41768519?
1
What is the thousands digit of 398330390?
0
What is the units digit of 379521595?
5
What is the ten millions digit of 727024108?
2
What is the units digit of 1760642387?
7
What is the tens digit of 11388429?
2
What is the hundred thousands digit of 41775584?
7
What is the ten thousands digit of 37468417?
6
What is the millions digit of 58120694?
8
What is the tens digit of 2371870963?
6
What is the units digit of 2070507008?
8
What is the hundreds digit of 646360847?
8
What is the units digit of 400721681?
1
What is the ten thousands digit of 675232127?
3
What is the millions digit of 1616095004?
6
What is the tens digit of 2328900720?
2
What is the hundred thousands digit of 143908526?
9
What is the hundred thousands digit of 269751262?
7
What is the thousands digit of 40897982?
7
What is the tens digit of 3523919412?
1
What is the units digit of 15578135?
5
What is the thousands digit of 714190657?
0
What is the units digit of 261573437?
7
What is the tens digit of 1926483164?
6
What is the tens digit of 29169456?
5
What is the ten millions digit of 1610127246?
1
What is the ten thousands digit of 9593894598?
9
What is the billions digit of 1591920724?
1
What is the hundred millions digit of 993890314?
9
What is the ten thousands digit of 39643214?
4
What is the millions digit of 146974068?
6
What is the hundred thousands digit of 2320952447?
9
What is the ten thousands digit of 3357041495?
4
What is the millions digit of 6095113539?
5
What is the ten thousands digit of 1847914106?
1
What is the tens di